{"id":38,"name":"informacja-w-sprawie-ustalenia-dnia-10-listopada-2025-r-dniem-wolnym-od-pracy","title":"Informacja w sprawie ustalenia dnia 10 listopada 2025 r. dniem wolnym od pracy","desc":"","header":"","lead":"Informacja w sprawie ustalenia dnia 10 listopada 2025 r. dniem wolnym od pracy","keywords":"","changes":"Edycja strony","menu":"","path":"\/ogloszenia-i-aktualnosci\/informacja-w-sprawie-ustalenia-dnia-10-listopada-2025-r-dniem-wolnym-od-pracy.html","url":"\/ogloszenia-i-aktualnosci\/informacja-w-sprawie-ustalenia-dnia-10-listopada-2025-r-dniem-wolnym-od-pracy.html","infoOwner":"Cz\u0119stochowskie Biuro Geodezji i Teren\u00f3w Rolnych w Cz\u0119stochowie","dateFirstPublicate":"2025-10-21 12:26:38","dateLastVersionPublicate":"2025-10-21 13:43:16","dateAvailableFrom":"","dateAvailableTo":"","type":"jednostki_Zwyk\u0142a","pageParams":[],"components":[{"id":"93bb94fe-7312-11e9-90c1-000c290e6fc2","type":"SectionDescription","name":"","description":"Zajawka sekcji","content":[]},{"id":"93bbe8e3-7312-11e9-90c1-000c290e6fc2","type":"PageTitle","name":"Tytu\u0142 strony","description":"Tytu\u0142 strony","content":[]},{"id":"93bc435c-7312-11e9-90c1-000c290e6fc2","type":"PageDescription","name":"","description":"Zajawka strony","content":{"desc":"Informacja w sprawie ustalenia dnia 10 listopada 2025 r. dniem wolnym od pracy"}},{"id":"93bcef8e-7312-11e9-90c1-000c290e6fc2","type":"ContentWYSIWYG","name":"Tre\u015b\u0107","description":"Tre\u015b\u0107 strony","content":{"content":"\u003Cp\u003EZarz\u0105dzeniem nr 21\/2025 Dyrektora Cz\u0119stochowskiego Biura Geodezji i Teren\u00f3w Rolnych w Cz\u0119stochowie z dnia 15 pa\u017adziernika 2025 r.\u003C\/p\u003E\n\u003Cp\u003EUstala si\u0119 dzie\u0144 10 listopada 2025 r. (poniedzia\u0142ek) dniem wolnym od pracy dla pracownik\u00f3w Cz\u0119stochowskiego Biura Geodezji i Teren\u00f3w Rolnych w Cz\u0119stochowie, w zamian za \u015bwi\u0119to przypadaj\u0105ce w sobot\u0119 w dniu 1 listopada 2025 r.\u003C\/p\u003E\n\u003Cp\u003EW podanym dniu Biuro b\u0119dzie nieczynne.\u003C\/p\u003E","promotion":false}},{"id":"93bd42ce-7312-11e9-90c1-000c290e6fc2","type":"Gallery","name":"Galeria","description":"Galeria"},{"id":"93bd956b-7312-11e9-90c1-000c290e6fc2","type":"Attachment","name":"Za\u0142\u0105czniki","description":"Za\u0142\u0105czniki do strony","content":[{"src":"\/resource\/65\/2025_21+wolny+dzie%25C5%2584+od+pracy+listopad.doc","extension":"DOC","name":"140e5a62fb05bc33a76dd79cd275b4b4.doc","size":"30 KB"}]},{"id":"d63e71ef-92cf-11f0-b976-00505697ccff","type":"PageThumbnail","name":"","description":"Miniaturka strony","content":[]}]}

Częstochowskie Biuro Geodezji i Terenów Rolnych w Częstochowie

jednostki_Zwykła

Tytuł strony

Treść

Treść strony

<p>Zarządzeniem nr 21/2025 Dyrektora Częstochowskiego Biura Geodezji i Terenów Rolnych w Częstochowie z dnia 15 października 2025 r.</p>
<p>Ustala się dzień 10 listopada 2025 r. (poniedziałek) dniem wolnym od pracy dla pracowników Częstochowskiego Biura Geodezji i Terenów Rolnych w Częstochowie, w zamian za święto przypadające w sobotę w dniu 1 listopada 2025 r.</p>
<p>W podanym dniu Biuro będzie nieczynne.</p>

Załączniki

Załączniki do strony
